{"id":145,"date":"2024-12-26T22:58:39","date_gmt":"2024-12-27T00:58:39","guid":{"rendered":"http:\/\/www.yourpantry.com.br\/yourdoc\/?page_id=145"},"modified":"2024-12-27T11:26:40","modified_gmt":"2024-12-27T13:26:40","slug":"sustentabilidade","status":"publish","type":"page","link":"https:\/\/www.yourpantry.com.br\/yourdoc\/sustentabilidade\/","title":{"rendered":"Sustentabilidade"},"content":{"rendered":"\n<p>A digitaliza\u00e7\u00e3o contribui para a preserva\u00e7\u00e3o ambiental, eliminando a necessidade de impress\u00f5es excessivas e armazenamento de pap\u00e9is que ocupam espa\u00e7o e geram res\u00edduos.<\/p>\n\n\n\n<p>Utilizar documentos digitais traz in\u00fameras vantagens para o meio ambiente, contribuindo para a sustentabilidade e a preserva\u00e7\u00e3o dos recursos naturais. Aqui est\u00e3o algumas das principais vantagens:<\/p>\n\n\n\n<div class=\"wp-container-3 wp-block-columns\">\n<div class=\"wp-container-1 wp-block-column\" style=\"flex-basis:33.33%\">\n<figure class=\"wp-block-image size-medium\"><img loading=\"lazy\" width=\"300\" height=\"300\" src=\"http:\/\/www.yourpantry.com.br\/yourdoc\/wp-content\/uploads\/sites\/4\/2024\/12\/papel-300x300.jpg\" alt=\"\" class=\"wp-image-147\" srcset=\"https:\/\/www.yourpantry.com.br\/yourdoc\/wp-content\/uploads\/sites\/4\/2024\/12\/papel-300x300.jpg 300w, https:\/\/www.yourpantry.com.br\/yourdoc\/wp-content\/uploads\/sites\/4\/2024\/12\/papel-150x150.jpg 150w, https:\/\/www.yourpantry.com.br\/yourdoc\/wp-content\/uploads\/sites\/4\/2024\/12\/papel.jpg 705w\" sizes=\"(max-width: 300px) 100vw, 300px\" \/><\/figure>\n<\/div>\n\n\n\n<div class=\"wp-container-2 wp-block-column\" style=\"flex-basis:66.66%\">\n<h2>Redu\u00e7\u00e3o do Consumo de Papel<\/h2>\n\n\n\n<p>A utiliza\u00e7\u00e3o de documentos digitais diminui significativamente a demanda por papel, que \u00e9 produzido a partir das \u00e1rvores. Menor consumo de papel resulta em menos desmatamento, preservando florestas e habitats naturais, e ajudando a manter a biodiversidade.<\/p>\n<\/div>\n<\/div>\n\n\n\n<div class=\"wp-container-6 wp-block-columns\">\n<div class=\"wp-container-4 wp-block-column\" style=\"flex-basis:66.66%\">\n<h2>Menor Consumo de \u00c1gua e Energia<\/h2>\n\n\n\n<p>A produ\u00e7\u00e3o de papel consome grandes quantidades de \u00e1gua e energia. Ao optar por documentos digitais, reduz-se a necessidade desses recursos, contribuindo para a conserva\u00e7\u00e3o dos mesmos e a diminui\u00e7\u00e3o do impacto ambiental associado \u00e0 produ\u00e7\u00e3o industrial.<\/p>\n\n\n\n<h2>Redu\u00e7\u00e3o de Res\u00edduos<\/h2>\n\n\n\n<p>Documentos em papel eventualmente se tornam res\u00edduos que precisam ser gerenciados. Com documentos digitais, reduz-se a quantidade de lixo gerado, diminuindo a press\u00e3o sobre aterros sanit\u00e1rios e sistemas de gerenciamento de res\u00edduos.<\/p>\n<\/div>\n\n\n\n<div class=\"wp-container-5 wp-block-column\" style=\"flex-basis:33.33%\">\n<figure class=\"wp-block-image size-medium\"><img loading=\"lazy\" width=\"300\" height=\"300\" src=\"http:\/\/www.yourpantry.com.br\/yourdoc\/wp-content\/uploads\/sites\/4\/2024\/12\/fabrica-300x300.jpg\" alt=\"\" class=\"wp-image-149\" srcset=\"https:\/\/www.yourpantry.com.br\/yourdoc\/wp-content\/uploads\/sites\/4\/2024\/12\/fabrica-300x300.jpg 300w, https:\/\/www.yourpantry.com.br\/yourdoc\/wp-content\/uploads\/sites\/4\/2024\/12\/fabrica-150x150.jpg 150w, https:\/\/www.yourpantry.com.br\/yourdoc\/wp-content\/uploads\/sites\/4\/2024\/12\/fabrica.jpg 658w\" sizes=\"(max-width: 300px) 100vw, 300px\" \/><\/figure>\n<\/div>\n<\/div>\n\n\n\n<div class=\"wp-container-9 wp-block-columns\">\n<div class=\"wp-container-7 wp-block-column\" style=\"flex-basis:66.66%\">\n<h2>Reutiliza\u00e7\u00e3o e Compartilhamento<\/h2>\n\n\n\n<p>Documentos digitais podem ser reutilizados e compartilhados facilmente sem a necessidade de c\u00f3pias f\u00edsicas adicionais, o que evita o desperd\u00edcio de papel e outros materiais.<\/p>\n<\/div>\n\n\n\n<div class=\"wp-container-8 wp-block-column\" style=\"flex-basis:33.33%\">\n<figure class=\"wp-block-image size-thumbnail\"><img loading=\"lazy\" width=\"150\" height=\"150\" src=\"http:\/\/www.yourpantry.com.br\/yourdoc\/wp-content\/uploads\/sites\/4\/2024\/12\/share-150x150.jpg\" alt=\"\" class=\"wp-image-152\" srcset=\"https:\/\/www.yourpantry.com.br\/yourdoc\/wp-content\/uploads\/sites\/4\/2024\/12\/share-150x150.jpg 150w, https:\/\/www.yourpantry.com.br\/yourdoc\/wp-content\/uploads\/sites\/4\/2024\/12\/share-300x300.jpg 300w, https:\/\/www.yourpantry.com.br\/yourdoc\/wp-content\/uploads\/sites\/4\/2024\/12\/share.jpg 676w\" sizes=\"(max-width: 150px) 100vw, 150px\" \/><\/figure>\n<\/div>\n<\/div>\n","protected":false},"excerpt":{"rendered":"<p>A digitaliza\u00e7\u00e3o contribui para a preserva\u00e7\u00e3o ambiental, eliminando a necessidade de impress\u00f5es excessivas e armazenamento de pap\u00e9is que ocupam espa\u00e7o e geram res\u00edduos. Utilizar documentos digitais traz in\u00fameras vantagens para o meio ambiente, contribuindo para a sustentabilidade e a preserva\u00e7\u00e3o dos recursos naturais. Aqui est\u00e3o algumas das principais vantagens: Redu\u00e7\u00e3o do Consumo de Papel A&hellip; <br \/> <a class=\"button small blue\" href=\"https:\/\/www.yourpantry.com.br\/yourdoc\/sustentabilidade\/\">Leia mais<\/a><\/p>\n","protected":false},"author":1,"featured_media":0,"parent":0,"menu_order":0,"comment_status":"closed","ping_status":"closed","template":"","meta":{"_mi_skip_tracking":false,"_monsterinsights_sitenote_active":false,"_monsterinsights_sitenote_note":"","_monsterinsights_sitenote_category":0},"_links":{"self":[{"href":"https:\/\/www.yourpantry.com.br\/yourdoc\/wp-json\/wp\/v2\/pages\/145"}],"collection":[{"href":"https:\/\/www.yourpantry.com.br\/yourdoc\/wp-json\/wp\/v2\/pages"}],"about":[{"href":"https:\/\/www.yourpantry.com.br\/yourdoc\/wp-json\/wp\/v2\/types\/page"}],"author":[{"embeddable":true,"href":"https:\/\/www.yourpantry.com.br\/yourdoc\/wp-json\/wp\/v2\/users\/1"}],"replies":[{"embeddable":true,"href":"https:\/\/www.yourpantry.com.br\/yourdoc\/wp-json\/wp\/v2\/comments?post=145"}],"version-history":[{"count":3,"href":"https:\/\/www.yourpantry.com.br\/yourdoc\/wp-json\/wp\/v2\/pages\/145\/revisions"}],"predecessor-version":[{"id":172,"href":"https:\/\/www.yourpantry.com.br\/yourdoc\/wp-json\/wp\/v2\/pages\/145\/revisions\/172"}],"wp:attachment":[{"href":"https:\/\/www.yourpantry.com.br\/yourdoc\/wp-json\/wp\/v2\/media?parent=145"}],"curies":[{"name":"wp","href":"https:\/\/api.w.org\/{rel}","templated":true}]}}